f u(f). What is the units digit of t(2)?
4
Let c(z) = z**2 + 0*z + z + 3*z**2 + 0*z**3 - z**3. Let m be c(4). Suppose -4*g - m = -16. What is the units digit of g?
3
Suppose 17 = 3*i + 4*g, 0 = 4*i - 0*i - g - 48. Let r = 3 + i. Let n = 28 - r. What is the units digit of n?
4
Let p(h) = h - 4. Let z be p(6). Suppose -3*i - 2*b = 1 - 2, i - 5*b = 6. Let t = z + i. What is the units digit of t?
3
Let a(h) = -3*h**3 + 2 - 59*h + h**3 + 60*h. Let k(j) = -j**3 - 4*j**2 - j + 4. Let q be k(-3). What is the tens digit of a(q)?
1
Let l = 31 - 9. Suppose f + f = l. What is the tens digit of f?
1
Let q be (-32)/(-10) - (-2)/(-10). Suppose -q*r + 36 = -r. What is the tens digit of r?
1
Suppose -4*n - 3 = 2*j - n, -2*j + 5*n = 27. Let h(d) be the second derivative of d**4/12 + 2*d**3/3 + 3*d**2 - d. What is the units digit of h(j)?
8
Let d(j) = 4*j - 1. Let x be d(6). Suppose 4*s = -28 - 28. Let k = s + x. What is the units digit of k?
9
Let n = -12 - -15. Suppose 4*c = n*d + 76, -d + 18 = -3*c + 75. What is the units digit of c?
9
Suppose 3*p - 2*l + 8 = 0, -2*p - 7 = -0*p - l. Suppose 0 = x - 4 - 6. Let r = x + p. What is the units digit of r?
4
Suppose 0 = -i - 5*q - 22, -4*i + 4*q + 25 = -7. Let c = i + 0. Suppose c*y + 0 = 12. What is the units digit of y?
4
Suppose -11*v = -16*v + 540. What is the units digit of v?
8
Let f(l) = l**3 - 11*l**2 - 23*l + 44. What is the tens digit of f(14)?
1
Suppose -4*d = d - 5. Let y(q) = 0 - 4*q + 0*q + 3*q + d. What is the units digit of y(-11)?
2
Let f be (15/6 + -2)*0. Suppose -18 = -3*b - 0*b. Suppose f = -5*z + 2*z - b, z + 54 = 4*q. What is the units digit of q?
3
What is the units digit of ((-732)/5)/(-3) - (-2)/10?
9
Suppose 4*j - j = 54. What is the tens digit of j?
1
Suppose 5*p - 185 = t, 0*p - 4*p - 3*t + 129 = 0. What is the units digit of (p/8*2)/1?
9
Suppose 0 = 4*j - 15 - 41. Suppose -3*q + 2 = j. Let z(m) = m**3 + 3*m**2 - 6*m - 1. What is the units digit of z(q)?
7
Suppose 2*a = -2*n + 2, -4*a - 3 = -3*n + 7. Suppose n*v - v = 0. Suppose -l + 6 = -v*l. What is the units digit of l?
6
Suppose 0*g = 3*g - 6. Let z = g - -12. What is the tens digit of z?
1
Let d(n) = -n**3 - n**2 + n + 10. What is the units digit of d(-5)?
5
What is the units digit of -2*3*176/(-12)?
8
Suppose -2*s = 2*y - 148, -5*s + y = -s - 301. What is the tens digit of s?
7
Suppose 6*d - 3*d + 5*g - 13 = 0, 0 = -4*d + 3*g + 27. Let m = 8 - d. Suppose -m*l - 42 = -4*l. What is the units digit of l?
1
Let o(a) = -3*a - 3. Let t be o(-2). Suppose -2*h + 1 = -t. What is the units digit of h?
2
Suppose -5*k + 39 = -2*k. Let n(m) = m**3 - 12*m**2 - 11*m - 14. What is the tens digit of n(k)?
1
Let z be 21 - (-4 + (-6)/(-3)). Suppose 0 = -3*t + z - 5. What is the units digit of t?
6
Suppose -n + 6 = 2*n. Suppose -n*i = -6*i + 12. What is the units digit of i?
3
Let z(f) = 21*f + 3. Let y be z(-3). Let j = -42 - y. What is the tens digit of j?
1
Suppose 0*w = 2*w - 38. Suppose o = -2*o + 5*z + 31, -z + w = 3*o. What is the units digit of o?
7
What is the units digit of (9/(-6))/(3/(-8))?
4
What is the tens digit of (38/(-3))/((-2)/6)?
3
Suppose -x = 2*x + 15. Let s = 16 + x. What is the units digit of s?
1
Let t = 0 + -1. Let h be ((-24)/9)/(t/9). Suppose -2*u = u - h. What is the units digit of u?
8
Let v(f) = f - 7. Let u(q) = 5*q - 34. Let l(i) = 2*u(i) - 11*v(i). Let c be l(-8). Suppose 2*j - c = -r, r + 3*r - 5 = j. What is the units digit of j?
7
Let d(h) = 3*h**3 - 13*h**2 + 4*h - 9. Let l(f) = 5*f**3 - 4 + 3*f - 9 + 3*f - 20*f**2 + 0*f. Let z(o) = 8*d(o) - 5*l(o). What is the units digit of z(-5)?
8
Suppose 4*c + 0*c - 202 = -5*x, 0 = 2*x + 4*c - 88. What is the units digit of x?
8
What is the units digit of 5 + (-500)/(-16) - 1/4?
6
Let t = -3 + 3. Let o(c) = t - 1 - 5 - 2*c. What is the units digit of o(-4)?
2
Let r be (69/6)/((-1)/(-4)). Suppose 2*a - 16 = r. What is the tens digit of a?
3
Suppose 2*p = 16 - 0. Suppose -4*s = -0*s - p. What is the units digit of s?
2
Let a(s) = -s**2 + 11*s + 7. What is the tens digit of a(7)?
3
Let a be ((-4)/(-2) + -64)/(-1). Suppose -5*b = -28 - a. What is the tens digit of b?
1
Let b = 1 - -2. Suppose -36 = -5*z + b*z. What is the tens digit of z?
1
Let s be ((-4)/(-8))/(2/48). Suppose 5*d = s + 28. What is the units digit of d?
8
Let r = -12 + 16. What is the units digit of r?
4
Let j(s) = 2*s**2 - s - 2. Let l be j(2). Suppose 3*q = 19 - l. What is the units digit of q?
5
Let r(v) = v**2 + v. Suppose 0 = 5*f - f + 16. Let o be r(f). What is the units digit of (8/5)/(o/30)?
4
Let a be 34/2 - 8/4. Suppose -4*w = w - a. What is the units digit of w?
3
Let n = -2 + -8. Let r be (-1 + 0)*(-14 - 1). Let d = r + n. What is the units digit of d?
5
Suppose f + 9 - 45 = 0. What is the tens digit of f?
3
Suppose 0 = 3*d - 9*d + 306. What is the tens digit of d?
5
Let z be (-2)/5 + (-8)/(-20). Suppose -g + 55 - 8 = z. What is the tens digit of g?
4
Let c be (-5)/(-2)*8/10. Suppose -x + 39 = c*x. What is the tens digit of x?
1
Let h be 8 + -2 + (-6)/2. Let p = 10 + h. What is the tens digit of p?
1
Let c(q) = 3*q + 1. Let t be c(-1). Let k(r) = r**3 - 15*r**2 + 3*r - 9. Let x be k(16). What is the tens digit of x/20 + t/(-8)?
1
Let a = 101 + -31. What is the tens digit of a?
7
Let b be (-4)/6 + 22/6. Suppose -3*u - 3*p + 5 = 2, -u = -p + 1. Suppose b = s - u. What is the units digit of s?
3
Let m = 29 - 24. Let c = 0 - 0. Let a = m - c. What is the units digit of a?
5
Suppose -3*g + 136 = g. Suppose 4*t - g = 58. What is the tens digit of t?
2
What is the units digit of 204 - ((-154)/56 - (-1)/(-4))?
7
Let c = 28 - 23. What is the units digit of c?
5
Let h(z) = 8*z**2 + z. Let c be h(-1). Let b(q) = 3*q**2 + 2*q - 5. Let x be b(-4). Suppose 4*v = x - c. What is the units digit of v?
7
Suppose 10 = 2*f - 4. Suppose 0 = -2*i + f + 9. What is the units digit of i?
8
Let y(f) = -2*f**3. Let n be y(-1). Suppose -2*p = -0*p + 5*z + 10, -p - z = n. Suppose -2*u = -p*u - 16. What is the units digit of u?
8
Let r(m) = 2*m**2 - 6*m + 30. What is the tens digit of r(-11)?
3
Suppose 30 = -6*c + 1644. What is the tens digit of c?
6
Let o(y) = -y**3 - 18*y**2 + 20*y + 34. What is the tens digit of o(-19)?
1
Let f = -19 - -25. What is the units digit of f?
6
Let i be (1 - 38/(-3))*3. Let k = -10 + i. What is the units digit of k?
1
Let r(y) = y**3 - 5*y**2 - 4*y - 7. Let v be r(6). Suppose 96 = 4*p + 2*l, -134 = -v*p + 2*l - 32. Suppose -2 = -2*x + p. What is the units digit of x?
2
Suppose -9*f - 21 = -5*f + 5*m, 2*f + 3 = -m. Suppose k = f + 3. What is the units digit of k?
4
Let o(g) = -g**2 + 9*g + 3. Let y be o(9). Let t(f) = -f**2 - 5*f. Let c be t(-4). Suppose -c*v = -y*v - 6. What is the units digit of v?
6
Let r(m) = m**3 - 12*m**2 + 12*m - 14. Let z be r(11). Let v(c) = 97*c + 1. Let i be v(z). What is the units digit of i/(-22) + (-2)/11?
3
Suppose 0 = 2*i - i + 18. Let y = i + 43. What is the tens digit of y?
2
What is the tens digit of (6 - 4) + 25*1?
2
Let q = -1 + 5. Let h = 24 + q. Suppose h = 2*z + 10. What is the units digit of z?
9
Suppose -2*f + f = 0. Suppose f = 3*s + 2*s - 590. Suppose 5*z = -33 + s. What is the units digit of z?
7
Let i(z) = -2*z + 3. Let u be i(-3). What is the units digit of (30/u)/(12/18)?
5
Suppose 80 = k - 18. What is the tens digit of k?
9
Let m = -17 + 88. What is the units digit of m?
1
Let m be 6/(-2)*(-24)/9. Let u = m - 6. Suppose 8 = -2*w - 3*l, -1 = -u*w - 2*l - 5. What is the units digit of w?
2
Let r(u) be the second derivative of -u**3/3 - u. What is the units digit of r(-8)?
6
Suppose 0 = d + 2*v + 5 + 1, 2*d - 4*v + 20 = 0. Let m = d - -13. What is the units digit of m?
5
Let x be -57*(-3)/(-9)*-1. Suppose 17 + x = 4*s - 4*y, -4*y = -3*s + 29. What is the units digit of s?
7
Let k be (-1)/(3/51) + -1. Let l be -3*3/(k/(-4)). Let f(d) = -3*d + 2. What is the units digit of f(l)?
8
Let g(m) = -11*m - 20. What is the tens digit of g(-24)?
4
What is the units digit of (1547/(-14))/((-3)/6)?
1
Let h(b) be the second derivative of -5*b**3/6 - b**2 - b. Let j be h(-4). Suppose 0 = -2*p + 5*g + 19, 3*p - 3*g - j = g. What is the units digit of p?
2
Suppose -2*f - 6*c = -c + 5, -2*c - 21 = -3*f. Suppose 0 = f*m - 36 - 104. What is the units digit of m?
8
Let v(